{"id":1259,"date":"2025-02-13T15:49:38","date_gmt":"2025-02-13T15:49:38","guid":{"rendered":"https:\/\/icetec.turbuweb.com\/fr\/?post_type=emplois&#038;p=1259"},"modified":"2025-08-27T11:08:56","modified_gmt":"2025-08-27T15:08:56","slug":"ferblantier-compagnon","status":"publish","type":"emplois","link":"https:\/\/icetecclimatisation.com\/fr\/carrieres\/ferblantier-compagnon\/","title":{"rendered":"Offre d&#8217;emploi &#8211; Ferblantier compagnon"},"content":{"rendered":"","protected":false},"featured_media":2603,"template":"","statut_emploi":[13],"emplacement_emploi":[12],"class_list":["post-1259","emplois","type-emplois","status-publish","has-post-thumbnail","hentry","statut_emploi-temps-plein-permanent","emplacement_emploi-levis"],"acf":[],"yoast_head":"<!-- This site is optimized with the Yoast SEO plugin v27.0 - https:\/\/yoast.com\/product\/yoast-seo-wordpress\/ -->\n<title>Devenir Ferblantier chez Icetec climatisation \u00e0 L\u00e9vis<\/title>\n<meta name=\"description\" content=\"Joignez-vous \u00e0 nous dans notre engagement \u00e0 offrir des solutions de confort de qualit\u00e9 sup\u00e9rieure \u00e0 nos clients r\u00e9sidentiels et commerciaux.\" \/>\n<meta name=\"robots\" content=\"index, follow, max-snippet:-1, max-image-preview:large, max-video-preview:-1\" \/>\n<link rel=\"canonical\" href=\"https:\/\/icetecclimatisation.com\/fr\/carrieres\/ferblantier-compagnon\/\" \/>\n<meta property=\"og:locale\" content=\"fr_FR\" \/>\n<meta property=\"og:type\" content=\"article\" \/>\n<meta property=\"og:title\" content=\"Devenir Ferblantier chez Icetec climatisation \u00e0 L\u00e9vis\" \/>\n<meta property=\"og:description\" content=\"Joignez-vous \u00e0 nous dans notre engagement \u00e0 offrir des solutions de confort de qualit\u00e9 sup\u00e9rieure \u00e0 nos clients r\u00e9sidentiels et commerciaux.\" \/>\n<meta property=\"og:url\" content=\"https:\/\/icetecclimatisation.com\/fr\/carrieres\/ferblantier-compagnon\/\" \/>\n<meta property=\"og:site_name\" content=\"Icetec\" \/>\n<meta property=\"article:modified_time\" content=\"2025-08-27T15:08:56+00:00\" \/>\n<meta property=\"og:image\" content=\"https:\/\/icetecclimatisation.com\/app\/uploads\/2024\/11\/offre-emploi-ferblantier-icetec-climatisation-e1734981693128.webp\" \/>\n\t<meta property=\"og:image:width\" content=\"1190\" \/>\n\t<meta property=\"og:image:height\" content=\"1200\" \/>\n\t<meta property=\"og:image:type\" content=\"image\/webp\" \/>\n<meta name=\"twitter:card\" content=\"summary_large_image\" \/>\n<meta name=\"twitter:label1\" content=\"Est. reading time\" \/>\n\t<meta name=\"twitter:data1\" content=\"1 minute\" \/>\n<script type=\"application\/ld+json\" class=\"yoast-schema-graph\">{\"@context\":\"https:\/\/schema.org\",\"@graph\":[{\"@type\":\"WebPage\",\"@id\":\"https:\/\/icetecclimatisation.com\/fr\/carrieres\/ferblantier-compagnon\/\",\"url\":\"https:\/\/icetecclimatisation.com\/fr\/carrieres\/ferblantier-compagnon\/\",\"name\":\"Devenir Ferblantier chez Icetec climatisation \u00e0 L\u00e9vis\",\"isPartOf\":{\"@id\":\"https:\/\/icetecclimatisation.com\/fr\/#website\"},\"primaryImageOfPage\":{\"@id\":\"https:\/\/icetecclimatisation.com\/fr\/carrieres\/ferblantier-compagnon\/#primaryimage\"},\"image\":{\"@id\":\"https:\/\/icetecclimatisation.com\/fr\/carrieres\/ferblantier-compagnon\/#primaryimage\"},\"thumbnailUrl\":\"https:\/\/icetecclimatisation.com\/app\/uploads\/2024\/11\/offre-emploi-ferblantier-icetec-climatisation-e1734981693128.webp\",\"datePublished\":\"2025-02-13T15:49:38+00:00\",\"dateModified\":\"2025-08-27T15:08:56+00:00\",\"description\":\"Joignez-vous \u00e0 nous dans notre engagement \u00e0 offrir des solutions de confort de qualit\u00e9 sup\u00e9rieure \u00e0 nos clients r\u00e9sidentiels et commerciaux.\",\"breadcrumb\":{\"@id\":\"https:\/\/icetecclimatisation.com\/fr\/carrieres\/ferblantier-compagnon\/#breadcrumb\"},\"inLanguage\":\"fr-FR\",\"potentialAction\":[{\"@type\":\"ReadAction\",\"target\":[\"https:\/\/icetecclimatisation.com\/fr\/carrieres\/ferblantier-compagnon\/\"]}]},{\"@type\":\"ImageObject\",\"inLanguage\":\"fr-FR\",\"@id\":\"https:\/\/icetecclimatisation.com\/fr\/carrieres\/ferblantier-compagnon\/#primaryimage\",\"url\":\"https:\/\/icetecclimatisation.com\/app\/uploads\/2024\/11\/offre-emploi-ferblantier-icetec-climatisation-e1734981693128.webp\",\"contentUrl\":\"https:\/\/icetecclimatisation.com\/app\/uploads\/2024\/11\/offre-emploi-ferblantier-icetec-climatisation-e1734981693128.webp\",\"width\":1190,\"height\":1200,\"caption\":\"Gros plan sur les mains gant\u00e9es d'un ferblantier travaillant sur une t\u00f4le m\u00e9tallique avec des pinces\"},{\"@type\":\"BreadcrumbList\",\"@id\":\"https:\/\/icetecclimatisation.com\/fr\/carrieres\/ferblantier-compagnon\/#breadcrumb\",\"itemListElement\":[{\"@type\":\"ListItem\",\"position\":1,\"name\":\"Home\",\"item\":\"https:\/\/icetecclimatisation.com\/fr\/\"},{\"@type\":\"ListItem\",\"position\":2,\"name\":\"Offre d&#8217;emploi &#8211; Ferblantier compagnon\"}]},{\"@type\":\"WebSite\",\"@id\":\"https:\/\/icetecclimatisation.com\/fr\/#website\",\"url\":\"https:\/\/icetecclimatisation.com\/fr\/\",\"name\":\"Icetec\",\"description\":\"\",\"potentialAction\":[{\"@type\":\"SearchAction\",\"target\":{\"@type\":\"EntryPoint\",\"urlTemplate\":\"https:\/\/icetecclimatisation.com\/fr\/?s={search_term_string}\"},\"query-input\":{\"@type\":\"PropertyValueSpecification\",\"valueRequired\":true,\"valueName\":\"search_term_string\"}}],\"inLanguage\":\"fr-FR\"}]}<\/script>\n<!-- \/ Yoast SEO plugin. -->","yoast_head_json":{"title":"Devenir Ferblantier chez Icetec climatisation \u00e0 L\u00e9vis","description":"Joignez-vous \u00e0 nous dans notre engagement \u00e0 offrir des solutions de confort de qualit\u00e9 sup\u00e9rieure \u00e0 nos clients r\u00e9sidentiels et commerciaux.","robots":{"index":"index","follow":"follow","max-snippet":"max-snippet:-1","max-image-preview":"max-image-preview:large","max-video-preview":"max-video-preview:-1"},"canonical":"https:\/\/icetecclimatisation.com\/fr\/carrieres\/ferblantier-compagnon\/","og_locale":"fr_FR","og_type":"article","og_title":"Devenir Ferblantier chez Icetec climatisation \u00e0 L\u00e9vis","og_description":"Joignez-vous \u00e0 nous dans notre engagement \u00e0 offrir des solutions de confort de qualit\u00e9 sup\u00e9rieure \u00e0 nos clients r\u00e9sidentiels et commerciaux.","og_url":"https:\/\/icetecclimatisation.com\/fr\/carrieres\/ferblantier-compagnon\/","og_site_name":"Icetec","article_modified_time":"2025-08-27T15:08:56+00:00","og_image":[{"width":1190,"height":1200,"url":"https:\/\/icetecclimatisation.com\/app\/uploads\/2024\/11\/offre-emploi-ferblantier-icetec-climatisation-e1734981693128.webp","type":"image\/webp"}],"twitter_card":"summary_large_image","twitter_misc":{"Est. reading time":"1 minute"},"schema":{"@context":"https:\/\/schema.org","@graph":[{"@type":"WebPage","@id":"https:\/\/icetecclimatisation.com\/fr\/carrieres\/ferblantier-compagnon\/","url":"https:\/\/icetecclimatisation.com\/fr\/carrieres\/ferblantier-compagnon\/","name":"Devenir Ferblantier chez Icetec climatisation \u00e0 L\u00e9vis","isPartOf":{"@id":"https:\/\/icetecclimatisation.com\/fr\/#website"},"primaryImageOfPage":{"@id":"https:\/\/icetecclimatisation.com\/fr\/carrieres\/ferblantier-compagnon\/#primaryimage"},"image":{"@id":"https:\/\/icetecclimatisation.com\/fr\/carrieres\/ferblantier-compagnon\/#primaryimage"},"thumbnailUrl":"https:\/\/icetecclimatisation.com\/app\/uploads\/2024\/11\/offre-emploi-ferblantier-icetec-climatisation-e1734981693128.webp","datePublished":"2025-02-13T15:49:38+00:00","dateModified":"2025-08-27T15:08:56+00:00","description":"Joignez-vous \u00e0 nous dans notre engagement \u00e0 offrir des solutions de confort de qualit\u00e9 sup\u00e9rieure \u00e0 nos clients r\u00e9sidentiels et commerciaux.","breadcrumb":{"@id":"https:\/\/icetecclimatisation.com\/fr\/carrieres\/ferblantier-compagnon\/#breadcrumb"},"inLanguage":"fr-FR","potentialAction":[{"@type":"ReadAction","target":["https:\/\/icetecclimatisation.com\/fr\/carrieres\/ferblantier-compagnon\/"]}]},{"@type":"ImageObject","inLanguage":"fr-FR","@id":"https:\/\/icetecclimatisation.com\/fr\/carrieres\/ferblantier-compagnon\/#primaryimage","url":"https:\/\/icetecclimatisation.com\/app\/uploads\/2024\/11\/offre-emploi-ferblantier-icetec-climatisation-e1734981693128.webp","contentUrl":"https:\/\/icetecclimatisation.com\/app\/uploads\/2024\/11\/offre-emploi-ferblantier-icetec-climatisation-e1734981693128.webp","width":1190,"height":1200,"caption":"Gros plan sur les mains gant\u00e9es d'un ferblantier travaillant sur une t\u00f4le m\u00e9tallique avec des pinces"},{"@type":"BreadcrumbList","@id":"https:\/\/icetecclimatisation.com\/fr\/carrieres\/ferblantier-compagnon\/#breadcrumb","itemListElement":[{"@type":"ListItem","position":1,"name":"Home","item":"https:\/\/icetecclimatisation.com\/fr\/"},{"@type":"ListItem","position":2,"name":"Offre d&#8217;emploi &#8211; Ferblantier compagnon"}]},{"@type":"WebSite","@id":"https:\/\/icetecclimatisation.com\/fr\/#website","url":"https:\/\/icetecclimatisation.com\/fr\/","name":"Icetec","description":"","potentialAction":[{"@type":"SearchAction","target":{"@type":"EntryPoint","urlTemplate":"https:\/\/icetecclimatisation.com\/fr\/?s={search_term_string}"},"query-input":{"@type":"PropertyValueSpecification","valueRequired":true,"valueName":"search_term_string"}}],"inLanguage":"fr-FR"}]}},"_links":{"self":[{"href":"https:\/\/icetecclimatisation.com\/fr\/wp-json\/wp\/v2\/emplois\/1259","targetHints":{"allow":["GET"]}}],"collection":[{"href":"https:\/\/icetecclimatisation.com\/fr\/wp-json\/wp\/v2\/emplois"}],"about":[{"href":"https:\/\/icetecclimatisation.com\/fr\/wp-json\/wp\/v2\/types\/emplois"}],"wp:featuredmedia":[{"embeddable":true,"href":"https:\/\/icetecclimatisation.com\/fr\/wp-json\/wp\/v2\/media\/2603"}],"wp:attachment":[{"href":"https:\/\/icetecclimatisation.com\/fr\/wp-json\/wp\/v2\/media?parent=1259"}],"wp:term":[{"taxonomy":"statut_emploi","embeddable":true,"href":"https:\/\/icetecclimatisation.com\/fr\/wp-json\/wp\/v2\/statut_emploi?post=1259"},{"taxonomy":"emplacement_emploi","embeddable":true,"href":"https:\/\/icetecclimatisation.com\/fr\/wp-json\/wp\/v2\/emplacement_emploi?post=1259"}],"curies":[{"name":"wp","href":"https:\/\/api.w.org\/{rel}","templated":true}]}}

<!-- This site is optimized with the Yoast SEO plugin v27.0 - https://yoast.com/product/yoast-seo-wordpress/ -->
<title>Devenir Ferblantier chez Icetec climatisation à Lévis</title>
<meta name="description" content="Joignez-vous à nous dans notre engagement à offrir des solutions de confort de qualité supérieure à nos clients résidentiels et commerciaux." />
<meta name="robots" content="index, follow, max-snippet:-1, max-image-preview:large, max-video-preview:-1" />
<link rel="canonical" href="https://icetecclimatisation.com/fr/carrieres/ferblantier-compagnon/" />
<meta property="og:locale" content="fr_FR" />
<meta property="og:type" content="article" />
<meta property="og:title" content="Devenir Ferblantier chez Icetec climatisation à Lévis" />
<meta property="og:description" content="Joignez-vous à nous dans notre engagement à offrir des solutions de confort de qualité supérieure à nos clients résidentiels et commerciaux." />
<meta property="og:url" content="https://icetecclimatisation.com/fr/carrieres/ferblantier-compagnon/" />
<meta property="og:site_name" content="Icetec" />
<meta property="article:modified_time" content="2025-08-27T15:08:56+00:00" />
<meta property="og:image" content="https://icetecclimatisation.com/app/uploads/2024/11/offre-emploi-ferblantier-icetec-climatisation-e1734981693128.webp" />
	<meta property="og:image:width" content="1190" />
	<meta property="og:image:height" content="1200" />
	<meta property="og:image:type" content="image/webp" />
<meta name="twitter:card" content="summary_large_image" />
<meta name="twitter:label1" content="Est. reading time" />
	<meta name="twitter:data1" content="1 minute" />
<script type="application/ld+json" class="yoast-schema-graph">{"@context":"https://schema.org","@graph":[{"@type":"WebPage","@id":"https://icetecclimatisation.com/fr/carrieres/ferblantier-compagnon/","url":"https://icetecclimatisation.com/fr/carrieres/ferblantier-compagnon/","name":"Devenir Ferblantier chez Icetec climatisation à Lévis","isPartOf":{"@id":"https://icetecclimatisation.com/fr/#website"},"primaryImageOfPage":{"@id":"https://icetecclimatisation.com/fr/carrieres/ferblantier-compagnon/#primaryimage"},"image":{"@id":"https://icetecclimatisation.com/fr/carrieres/ferblantier-compagnon/#primaryimage"},"thumbnailUrl":"https://icetecclimatisation.com/app/uploads/2024/11/offre-emploi-ferblantier-icetec-climatisation-e1734981693128.webp","datePublished":"2025-02-13T15:49:38+00:00","dateModified":"2025-08-27T15:08:56+00:00","description":"Joignez-vous à nous dans notre engagement à offrir des solutions de confort de qualité supérieure à nos clients résidentiels et commerciaux.","breadcrumb":{"@id":"https://icetecclimatisation.com/fr/carrieres/ferblantier-compagnon/#breadcrumb"},"inLanguage":"fr-FR","potentialAction":[{"@type":"ReadAction","target":["https://icetecclimatisation.com/fr/carrieres/ferblantier-compagnon/"]}]},{"@type":"ImageObject","inLanguage":"fr-FR","@id":"https://icetecclimatisation.com/fr/carrieres/ferblantier-compagnon/#primaryimage","url":"https://icetecclimatisation.com/app/uploads/2024/11/offre-emploi-ferblantier-icetec-climatisation-e1734981693128.webp","contentUrl":"https://icetecclimatisation.com/app/uploads/2024/11/offre-emploi-ferblantier-icetec-climatisation-e1734981693128.webp","width":1190,"height":1200,"caption":"Gros plan sur les mains gantées d'un ferblantier travaillant sur une tôle métallique avec des pinces"},{"@type":"BreadcrumbList","@id":"https://icetecclimatisation.com/fr/carrieres/ferblantier-compagnon/#breadcrumb","itemListElement":[{"@type":"ListItem","position":1,"name":"Home","item":"https://icetecclimatisation.com/fr/"},{"@type":"ListItem","position":2,"name":"Offre d&#8217;emploi &#8211; Ferblantier compagnon"}]},{"@type":"WebSite","@id":"https://icetecclimatisation.com/fr/#website","url":"https://icetecclimatisation.com/fr/","name":"Icetec","description":"","potentialAction":[{"@type":"SearchAction","target":{"@type":"EntryPoint","urlTemplate":"https://icetecclimatisation.com/fr/?s={search_term_string}"},"query-input":{"@type":"PropertyValueSpecification","valueRequired":true,"valueName":"search_term_string"}}],"inLanguage":"fr-FR"}]}</script>
<!-- / Yoast SEO plugin. -->

Devenir Ferblantier chez Icetec climatisation à Lévis

Joignez-vous à nous dans notre engagement à offrir des solutions de confort de qualité supérieure à nos clients résidentiels et commerciaux.

Gros plan sur les mains gantées d'un ferblantier travaillant sur une tôle métallique avec des pinces
